{"id":42,"date":"2024-04-25T07:34:47","date_gmt":"2024-04-25T07:34:47","guid":{"rendered":"http:\/\/www.bilecikotomasyon.com\/?page_id=42"},"modified":"2025-03-28T11:35:28","modified_gmt":"2025-03-28T11:35:28","slug":"about-us-hakkimizda","status":"publish","type":"page","link":"http:\/\/www.bilecikotomasyon.com\/index.php\/about-us-hakkimizda\/","title":{"rendered":"ABOUT US \/ HAKKIMIZDA"},"content":{"rendered":"\n<p>BARAN\/B\u0130LEC\u0130K OTOMASYON olarak, 2005 y\u0131l\u0131ndan itibaren end\u00fcstride olu\u015fturdu\u011fumuz ve geli\u015ftirdi\u011fimiz deneyimlerimizle, Makine otomasyonu ve revizyonu alan\u0131nda yeni nesil \u00e7\u00f6z\u00fcmler \u00fcretmeye devam ediyoruz.<\/p>\n\n\n\n<p>Sekt\u00f6rde 19 y\u0131ld\u0131r \u00e7\u00f6z\u00fcm odakl\u0131 ve deneyim aktar\u0131m\u0131 yaparak, i\u015f ortaklar\u0131m\u0131zla otomasyona dayal\u0131 \u00e7\u00f6z\u00fcmlerde sa\u011fl\u0131kl\u0131 bir i\u015fbirli\u011fi kuruyor, zamandan ve maliyetten yana tasarruf yaparak y\u00fcksek kazan\u00e7 elde etmelerini sa\u011fl\u0131yoruz.<\/p>\n\n\n\n<p>\u00dcretti\u011fimiz sa\u011fl\u0131kl\u0131 \u00e7\u00f6z\u00fcmlerle uzun zamanl\u0131 bak\u0131m ve onar\u0131m dayal\u0131 giderleri de engellemi\u015f oluyoruz.<\/p>\n\n\n\n<p>Bursa, Bilecik, Eski\u015fehir, \u00c7anakkale, Gebze, Kocaeli, Manisa b\u00f6lgesinde yapt\u0131\u011f\u0131m\u0131z  \u00e7al\u0131\u015fmalar\u0131n yan\u0131 s\u0131ra T\u00fcrkiye genelinde de hizmetlerimize devam etmektedir.<\/p>\n\n\n\n<p>M\u00fc\u015fterimizin talepleri do\u011frultusunda olu\u015fturulmu\u015f ve optimize edilmi\u015f \u00e7\u00f6z\u00fcmlerle BARAN OTOMASYON olarak yan\u0131n\u0131zday\u0131z.<\/p>\n\n\n\n<p>Elektrik Tesisat\u0131, Otomasyon projesi \u00e7izimleri, Otomasyon ve Kompanzasyon panosu montaj\u0131yla da sekt\u00f6rde m\u00fc\u015fteri talebine ve sistemin ihtiyac\u0131na uygun \u00e7\u00f6z\u00fcmler \u00fcretmeye devam ediyoruz.<\/p>\n\n\n<div class=\"wp-block-image\">\n<figure class=\"aligncenter size-full\"><img loading=\"lazy\" decoding=\"async\" width=\"304\" height=\"162\" src=\"http:\/\/www.bilecikotomasyon.com\/wp-content\/uploads\/2024\/04\/LOGO_BARAN_3.png\" alt=\"\" class=\"wp-image-6\" srcset=\"http:\/\/www.bilecikotomasyon.com\/wp-content\/uploads\/2024\/04\/LOGO_BARAN_3.png 304w, http:\/\/www.bilecikotomasyon.com\/wp-content\/uploads\/2024\/04\/LOGO_BARAN_3-300x160.png 300w\" sizes=\"(max-width: 304px) 100vw, 304px\" \/><\/figure><\/div>","protected":false},"excerpt":{"rendered":"<p>BARAN\/B\u0130LEC\u0130K OTOMASYON olarak, 2005 y\u0131l\u0131ndan itibaren end\u00fcstride olu\u015fturdu\u011fumuz ve geli\u015ftirdi\u011fimiz deneyimlerimizle, Makine otomasyonu ve revizyonu alan\u0131nda yeni nesil \u00e7\u00f6z\u00fcmler \u00fcretmeye devam ediyoruz. Sekt\u00f6rde 19 y\u0131ld\u0131r \u00e7\u00f6z\u00fcm odakl\u0131 ve deneyim aktar\u0131m\u0131 yaparak, i\u015f ortaklar\u0131m\u0131zla otomasyona dayal\u0131 \u00e7\u00f6z\u00fcmlerde sa\u011fl\u0131kl\u0131 bir i\u015fbirli\u011fi kuruyor, zamandan ve maliyetten yana tasarruf yaparak y\u00fcksek kazan\u00e7 elde etmelerini [&hellip;]<\/p>\n","protected":false},"author":1,"featured_media":0,"parent":0,"menu_order":0,"comment_status":"closed","ping_status":"closed","template":"","meta":{"footnotes":""},"_links":{"self":[{"href":"http:\/\/www.bilecikotomasyon.com\/index.php\/wp-json\/wp\/v2\/pages\/42"}],"collection":[{"href":"http:\/\/www.bilecikotomasyon.com\/index.php\/wp-json\/wp\/v2\/pages"}],"about":[{"href":"http:\/\/www.bilecikotomasyon.com\/index.php\/wp-json\/wp\/v2\/types\/page"}],"author":[{"embeddable":true,"href":"http:\/\/www.bilecikotomasyon.com\/index.php\/wp-json\/wp\/v2\/users\/1"}],"replies":[{"embeddable":true,"href":"http:\/\/www.bilecikotomasyon.com\/index.php\/wp-json\/wp\/v2\/comments?post=42"}],"version-history":[{"count":4,"href":"http:\/\/www.bilecikotomasyon.com\/index.php\/wp-json\/wp\/v2\/pages\/42\/revisions"}],"predecessor-version":[{"id":114,"href":"http:\/\/www.bilecikotomasyon.com\/index.php\/wp-json\/wp\/v2\/pages\/42\/revisions\/114"}],"wp:attachment":[{"href":"http:\/\/www.bilecikotomasyon.com\/index.php\/wp-json\/wp\/v2\/media?parent=42"}],"curies":[{"name":"wp","href":"https:\/\/api.w.org\/{rel}","templated":true}]}}